 is 4 - 41c7ec?
-41c7e8
In base 15, what is -1ae8 - 3e86?
-5a7e
In base 8, what is -2154 + 6220?
4044
In base 2, what is 10000 - 110000101001110010000101?
-110000101001110001110101
In base 11, what is 5 - 135440285?
-135440280
In base 7, what is 1004 - 21612?
-20605
In base 5, what is -213423011 + -214?
-213423230
In base 16, what is 1 + -3b1f2f1?
-3b1f2f0
In base 11, what is -1010a1 + -1a9?
-10129a
In base 5, what is -12414144023 - 0?
-12414144023
In base 8, what is -300717066 - 5?
-300717073
In base 10, what is 4 - -1028886?
1028890
In base 8, what is -3 - -13732642?
13732637
In base 14, what is -57 - 415614?
-41566b
In base 5, what is 13 - 1104132131?
-1104132113
In base 8, what is 14443643 + -23?
14443620
In base 9, what is 115 + 1143286?
1143412
In base 2, what is 1110010111100 - -100111001000011111?
101000111011011011
In base 7, what is 2121 + 1634562?
1640013
In base 5, what is 422033313 + -303?
422033010
In base 2, what is -110011111100111000 + -1100?
-110011111101000100
In base 12, what is 3ba8 + 2b8?
42a4
In base 15, what is -be40 - 1e2e?
-dd6e
In base 9, what is 81711 - 174?
81526
In base 15, what is bc363a + -25?
bc3615
In base 4, what is -1210000123 + -3?
-1210000132
In base 16, what is 1319 - -80e4?
93fd
In base 9, what is -1860 - 2088?
-4058
In base 2, what is -10010111010111011001011110100 - -101?
-10010111010111011001011101111
In base 10, what is 1 - 3738492?
-3738491
In base 9, what is -36627 - -148?
-36468
In base 13, what is 26 - 3419?
-33c3
In base 9, what is -32124128 - -23?
-32124105
In base 3, what is -1101 + -1012011221101?
-1012011222202
In base 3, what is 121110012220001 + 2?
121110012220010
In base 6, what is -135522125 + -2?
-135522131
In base 14, what is 274752 - -a?
27475c
In base 8, what is 2215 + 24667?
27104
In base 13, what is -143 + 1c946?
1c803
In base 3, what is 112010120 + -110002012?
2001101
In base 4, what is 203013023 - 132130?
202220233
In base 8, what is -76355 + -117?
-76474
In base 15, what is 151a766 + 8?
151a76e
In base 14, what is 60093 - 59a?
5d8d7
In base 16, what is -fa1617 - 1?
-fa1618
In base 4, what is 3001 + -11023300102?
-11023231101
In base 16, what is -1346 - 54b?
-1891
In base 14, what is d96242 + -a?
d96236
In base 12, what is -3575 - 1545?
-4aba
In base 4, what is -1201 + -321211033?
-321212300
In base 12, what is -633 - 87903?
-88336
In base 9, what is -106015 - -37?
-105867
In base 5, what is 102 - -14044030?
14044132
In base 12, what is 7a936a0 - -3?
7a936a3
In base 12, what is 1aa90 + -836?
1a256
In base 4, what is -100023232313303 - -1?
-100023232313302
In base 13, what is -16685 - -30?
-16655
In base 9, what is -1023204 - -704?
-1022400
In base 10, what is 2060 - 35643?
-33583
In base 9, what is -5 - -3752674?
3752668
In base 15, what is -7c43170 - a?
-7c4317a
In base 11, what is -785 - 24365a?
-244334
In base 15, what is -1c20 + -2611?
-4331
In base 5, what is -21123 + -100401?
-122024
In base 7, what is 13 - -1110406?
1110422
In base 4, what is -21201002032 - -1323?
-21201000103
In base 6, what is 41551234421 + 1?
41551234422
In base 11, what is -9873731 + 0?
-9873731
In base 5, what is 2404124423 - 2?
2404124421
In base 16, what is -10db56f + 2?
-10db56d
In base 6, what is 124 + 1104250?
1104414
In base 12, what is -86 - -48593?
48509
In base 15, what is -2ba - 79c0?
-7c8a
In base 3, what is -11010020002122222 + -11?
-11010020002200010
In base 10, what is -1256 - 3382?
-4638
In base 11, what is -1507a82 + -7?
-1507a89
In base 5, what is 2133441 - -1003?
2134444
In base 6, what is 324421333 - -14?
324421351
In base 8, what is 7 - 4074374?
-4074365
In base 10, what is 13332022 - -15?
13332037
In base 8, what is -134523 + 57?
-134444
In base 7, what is 334555532 - 5?
334555524
In base 10, what is 11962993 - 1?
11962992
In base 3, what is 12 - 2000020110022?
-2000020110010
In base 2, what is 0 - -1100010001100000111?
1100010001100000111
In base 10, what is 0 + -16375558?
-16375558
In base 15, what is -3 - dc0db?
-dc0de
In base 7, what is -2443 - 3303060?
-3305533
In base 16, what is 34ef3e - -2?
34ef40
In base 8, what is -13 + -1241066?
-1241101
In base 2, what is -101 + -11111111111001111001001?
-11111111111001111001110
In base 9, what is 18867 - 415?
18452
In base 13, what is -29b6 - 847?
-3530
In base 9, what is 137266 + -3420?
133746
In base 4, what is 12001 + -12203303311?
-12203231310
In base 13, what is -2c + -9cc7a3?
-9cc802
In base 2, what is -10011101 + -111010111111010?
-111011010010111
In base 12, what is 1195a477 - -3?
1195a47a
In base 3, what is 100111002010012020 + 12?
100111002010012102
In base 14, what is 788b7b + 1?
788b7c
In base 2, what is -101 - 1100100000011110001010?
-1100100000011110001111
In base 6, what is 425413311 - 1?
425413310
In base 13, what is -c29671 + 1c?
-c29652
In base 8, what is -21 + -1034226?
-1034247
In base 16, what is -3 - 336720?
-336723
In base 3, what is -12101021 - -201102101?
112001010
In base 11, what is -40709 - 591?
-4119a
In base 7, what is 2313103 + -21?
2313052
In base 9, what is 810 - -146762?
147672
In base 16, what is -1bbd36 - 31?
-1bbd67
In base 5, what is 33 + 324212200?
324212233
In base 2, what is -101 + -111000100100101101000?
-111000100100101101101
In base 4, what is 3012110222 + 0?
3012110222
In base 4, what is -231301201310 - 112?
-231301202022
In base 7, what is 354 + 12113102?
12113456
In base 11, what is -a385 + -75?
-a44a
In base 14, what is -4 - 249ad57?
-249ad5b
In base 11, what is 1017083 + 4?
1017087
In base 4, what is -200 - 10022132101?
-10022132301
In base 16, what is 536acf - 3?
536acc
In base 10, what is -8293 - 5039?
-13332
In base 3, what is 1012222200 - 11022011112?
-10002011212
In base 16, what is -b + -6ccfa?
-6cd05
In base 3, what is -1010112 - 221201?
-2002020
In base 9, what is -128780 + 14342?
-114437
In base 6, what is 43 + 54230513?
54231000
In base 11, what is 4570223 - -9?
4570231
In base 7, what is -1543 - 621426?
-623302
In base 11, what is 1859 - 4a8?
1361
In base 9, what is -315 + 1502281?
1501865
In base 14, what is -3c - -5c0d?
5bb1
In base 6, what is 1110350012 + 1?
1110350013
In base 6, what is 24052133113 + 5?
24052133122
In base 10, what is 5 - -834161?
834166
In base 10, what is 25789 + 64?
25853
In base 6, what is -120043145 + -131?
-120043320
In base 16, what is -1c2 + -3370?
-3532
In base 11, what is -a + -14822aa4?
-14823003
In base 4, what is -21 + 2221122301?
2221122220
In base 15, what is -1 - -355c99?
355c98
In base 2, what is 100111010101111101100 - 10010?
100111010101111011010
In base 14, what is -48 - -c8735b?
c87313
In base 12, what is -191971a57 - 4?
-191971a5b
In base 12, what is -1 + 3145b9?
3145b8
In base 14, what is -18d2 - -3860?
1d6c
In base 13, what is 9 - 431c?
-4313
In base 14, what is -2483ca - -31?
-248399
In base 3, what is 1021212000 - -112001?
1022101001
In base 15, what is 3765debc + -3?
3765deb9
In base 11, what is -1 - -159a1472?
159a1471
In base 4, what is -220110322103 + -130?
-220110322233
In base 15, what is 62d878 + -6?
62d872
In base 8, what is -17766713 + 21?
-17766672
In base 16, what is -470f + -5e1?
-4cf0
In base 10, what is 2978706 - -146?
2978852
In base 7, what is -565250 - 16130?
-614410
In base 14, what is -15 + -1cb5c1a?
-1cb5c31
In base 6, what is -3 + -101145013?
-101145020
In base 13, what is 15 + -152c?
-1517
In base 16, what is -5 + -83fe5?
-83fea
In base 8, what is 3334 - 132730?
-127374
In base 6, what is 2221 + -1144524?
-1142303
In base 13, what is -564c + -3359?
-89a8
In base 5, what is 3 + 1141214410?
1141214413
In base 14, what is -3d99 + -557?
-4512
In base 16, what is 2a14f + 5a1?
2a6f0
In base 6, what is -4 - 311503515?
-311503523
In base 8, what is 5153062 - 51?
5153011
In base 2, what is -1000101000 + -101000010001001?
-101001010110001
In base 7, what is -1044 - 34466?
-35543
In base 7, what is -53052 - -244?
-52505
In base 14, what is 4a30a + 3?
4a30d
In base 3, what is -2011122202211 + 12?
-2011122202122
In base 13, what is -c49883 + 2?
-c49881
In base 15, what is -4 + -e294d?
-e2952
In base 8, what is -2 - 10570116?
-10570120
In base 13, what is -a701 - -38?
-a696
In base 16, what is -b + 176793?
176788
In base 16, what is 3 - -41bb6b?
41bb6e
In base 11, what is 4592 + 59017?
625a9
In base 15, what is 3 - 6